t -100302011 (base 4) to base 2.
-10000110010000101
Convert 2343422412 (base 5) to base 15.
72a457
What is -101100110001 (base 2) in base 4?
-230301
-203564 (base 9) to base 12
-59a64
What is 32d440 (base 15) in base 3?
11120011101120
Convert -85117 (base 10) to base 8.
-246175
What is 1452543 (base 6) in base 9?
138380
-456501 (base 7) to base 15
-1925c
-54d72 (base 15) to base 10
-269657
What is -5304223 (base 6) in base 7?
-2121621
What is -4962043 (base 10) in base 16?
-4bb6fb
What is -214263 (base 7) in base 6?
-445430
Convert -1676a4 (base 12) to base 3.
-201121221121
What is 5102411 (base 6) in base 10?
241639
What is -10221220001010 (base 3) in base 14?
-3caa44
What is -3267562 (base 10) in base 11?
-1931a71
What is -14102241 (base 5) in base 2?
-100011001011000111
100210222200 (base 3) to base 7
1433124
Convert 25b (base 16) to base 2.
1001011011
Convert 127363 (base 8) to base 16.
aef3
Convert -3ab83d (base 14) to base 13.
-560969
Convert -120092 (base 11) to base 16.
-2e7e2
11021221012 (base 3) to base 5
10201030
-229e5 (base 15) to base 5
-12011430
What is 12772754 (base 8) in base 12?
b6b2b8
Convert 3021131 (base 5) to base 7.
260535
Convert 379758 (base 11) to base 14.
1181a1
22102000111222 (base 3) to base 11
2582209
What is -4601376 (base 8) in base 10?
-1245950
-2156036 (base 7) to base 8
-1007723
201200100110 (base 3) to base 2
1011110100100011010
Convert -50fb (base 16) to base 8.
-50373
b86a38 (base 15) to base 13
1a8588a
9369 (base 15) to base 13
11241
17237a0 (base 13) to base 4
130210311012
-890b72 (base 15) to base 14
-c20c99
53582 (base 13) to base 5
14302342
Convert -1011001011111101101 (base 2) to base 5.
-43212243
Convert -1b07bf (base 16) to base 13.
-4a03ca
-53044425 (base 6) to base 8
-5713201
Convert -1551b4 (base 12) to base 7.
-3033511
What is 564672 (base 14) in base 11?
1722835
What is -379a456 (base 11) in base 5?
-3141301124
83829 (base 12) to base 7
1315131
What is 133303030 (base 4) in base 16?
1fccc
Convert 1430 (base 12) to base 7.
6552
39029 (base 12) to base 6
1400053
-136457 (base 9) to base 4
-110120122
What is 74603 (base 12) in base 9?
252703
Convert 27607630 (base 8) to base 16.
5f0f98
-206020052 (base 7) to base 4
-232230113033
-1b54545 (base 13) to base 11
-5130620
602304 (base 8) to base 12
96598
-1011001010101101001 (base 2) to base 13
-ca735
-11105125 (base 7) to base 6
-32323234
4231571 (base 8) to base 5
242033124
Convert 14cfd (base 16) to base 2.
10100110011111101
-10622204 (base 7) to base 4
-3203002313
What is -4e2373 (base 15) in base 7?
-43622655
What is 58072 (base 12) in base 14?
30bd4
What is 14ba4db (base 14) in base 9?
21052223
Convert 236224202 (base 7) to base 6.
1244020325
Convert 3001200 (base 5) to base 6.
1001454
-2b0a7 (base 12) to base 5
-3414412
What is 72527 (base 8) in base 11?
20629
Convert 57346 (base 16) to base 9.
603867
25b278 (base 13) to base 12
37a74b
-888537 (base 10) to base 8
-3307331
What is -3163231 (base 9) in base 4?
-12131312023
87000 (base 9) to base 12
293b3
-ae0d1 (base 16) to base 5
-140303123
Convert -9d7e1 (base 15) to base 6.
-14424434
Convert -10121212110 (base 3) to base 10.
-71346
-4c050 (base 14) to base 6
-4000102
What is 222221314 (base 5) in base 4?
3232121023
What is 9337b7 (base 13) in base 10?
3435244
What is 100001010111111000 (base 2) in base 14?
37b60
201214334 (base 5) to base 4
3010113320
-2a73551 (base 11) to base 6
-304431233
Convert -13110034 (base 5) to base 9.
-215566
b1149c (base 13) to base 11
2361284
Convert 111000101111111111 (base 2) to base 14.
609d5
What is 311775 (base 10) in base 7?
2435652
What is 4d45a9 (base 15) in base 3?
20222111201120
Convert 2112939 (base 13) to base 15.
d3a890
Convert -3002234 (base 6) to base 4.
-202103032
-151442501 (base 6) to base 10
-3162853
Convert 5c3da2 (base 16) to base 2.
10111000011110110100010
What is 4422334 (base 5) in base 6?
1350334
What is 427523 (base 12) in base 5?
232042033
Convert 221331102 (base 4) to base 16.
29f52
-110010110011011001000 (base 2) to base 14
-314960
What is -1001011000111110010 (base 2) in base 12?
-12a096
What is -13400 (base 8) in base 9?
-8062
Convert -11224565 (base 7) to base 15.
-145b32
Convert -1112102000102 (base 3) to base 7.
-6633122
40053013 (base 6) to base 4
10103013201
What is 4335111 (base 8) in base 6?
40522413
1561c (base 16) to base 8
253034
1550675 (base 11) to base 9
4880225
-137d6 (base 16) to base 8
-233726
What is 2210242 (base 5) in base 14?
dcc5
What is 89db (base 14) in base 2?
101110101100101
3010001 (base 4) to base 16
3101
-5388453 (base 9) to base 4
-23002103310
32001023000 (base 4) to base 15
4c8c7b
What is 15057557 (base 9) in base 7?
120365215
1d6ac (base 15) to base 4
113130030
What is 2201210121210 (base 3) in base 11?
902415
-2103220012 (base 4) to base 6
-20543234
1c2c51 (base 14) to base 3
1220010222012
Convert 261543 (base 7) to base 2.
1011110111111111
What is 1415332 (base 8) in base 11?
253659
Convert 1329 (base 11) to base 3.
2100220
-166134 (base 8) to base 3
-10002000001
Convert -30908a (base 13) to base 16.
-114cc6
-111312122301 (base 4) to base 8
-25663261
What is 791972 (base 11) in base 13?
352331
1012120220200 (base 3) to base 11
3a8a33
Convert -731c5 (base 14) to base 6.
-5540441
13814 (base 11) to base 12
b429
Convert -77b23 (base 12) to base 7.
-1231101
-3764760 (base 9) to base 8
-7645011
-13e882 (base 15) to base 2
-11101010011110100110
What is -50443 (base 14) in base 13?
-69a73
What is -1110310110 (base 6) in base 3?
-211200210211120
Convert 211212212212 (base 3) to base 9.
755785
Convert -67126055 (base 8) to base 2.
-110111001010110000101101
-242332110 (base 5) to base 14
-21828a
Convert 3444636 (base 7) to base 15.
87c9c
Convert 9b9418 (base 14) to base 15.
6e6e64
What is 108216 (base 10) in base 13?
3a344
20180 (base 16) to base 6
2452332
42513c (base 15) to base 13
866601
What is -193bb0 (base 13) in base 8?
-2334007
What is 302110022 (base 4) in base 6?
4230042
-14442443444 (base 5) to base 7
-324513642
6350131 (base 7) to base 16
bb987
Convert -154e8 (base 15) to base 4.
-100300022
-1000001011111100110011 (base 2) to base 7
-24145564
Convert -10010001110111000010110 (base 2) to base 16.
-48ee16
Convert 1666a5 (base 12) to base 9.
645518
-4354a (base 15) to base 13
-76429
-649935 (base 16) to base 12
-225b359
What is -6b707 (base 12) in base 4?
-203100313
Convert -22122220021122 (base 3) to base 7.
-54063164
Convert -80a14 (base 15) to base 6.
-12421301
Convert 4011038 (base 9) to base 2.
1000001000110001100001
-215eb (base 16) to base 5
-13333213
What is -1000011111111001100101 (base 2) in base 7?
-24636040
Convert -555382 (base 9) to base 12.
-140178
Convert 58453 (base 10) to base 7.
332263
Convert -211918 (base 14) to base 16.
-111182
What is -22222100012 (base 3) in base 7?
-1334030
What is 120303030 (base 4) in base 15?
20170
Convert -131ba (base 13) to base 15.
-a79e
-1449399 (base 12) to base 7
-46453041
84624 (base 9) to base 13
1c5ac
-48ab5 (base 12) to base 15
-1e215
Convert -223412 (base 8) to base 2.
-10010011100001010
Convert 401451 (base 9) to base 12.
b53a7
-324856 (base 9) to base 16
-2f55c
What is c7ac2 (base 13) in base 6?
11414251
Convert -222240001 (base 5) to base 10.
-977501
-548d (base 14) to base 7
-60436
What is -3160 (base 16) in base 9?
-18304
Convert -43157452 (base 8) to base 5.
-4330412140
What is 7938a (base 11) in base 16?
1c0ef
-100000011011111001 (base 2) to base 14
-365bb
Convert -1011001202011 (base 3) to base 10.
-611446
Convert -4fa806 (base 16) to base 11.
-2a46150
What is -71184 (base 9) in base 7?
-253324
-1001010100011000111 (base 2) to base 10
-305351
What is 2758821 (base 12) in base 13?
18130cc
What is -237464 (base 9) in base 4?
-202332202
What is -24425302 (base 6) in base 16?
-bec46
What is -236204 (base 8) in base 6?
-1423044
Convert 1466190 (base 10) to base 11.
911630
What is 7a461 (base 11) in base 2?
11100011001111100
Convert 103513331 (base 8) to base 3.
1020100221120021
24707 (base 10) to base 4
12002003
Convert 3413231141 (base 5) to base 14.
10094b1
What is -11212300 (base 4) in base 16?
-59b0
10376319 (base 10) to base 13
21c3c45
-2347 (base 11) to base 4
-300010
What is 1045b3 (base 14) in base 2?
10000110010000110001
Convert -